t is -220033 (base 4) in base 16?
-a0f
3043332 (base 5) to base 12
24a16
What is 113114 (base 6) in base 9?
14351
What is -2424244 (base 5) in base 3?
-2022111221
Convert -6542 (base 7) to base 3.
-10012102
Convert 3241 (base 9) to base 5.
34021
What is -30312 (base 4) in base 11?
-688
100210001 (base 3) to base 14
2853
3565 (base 8) to base 11
1486
414244 (base 7) to base 8
212733
What is 9a8 (base 15) in base 5?
32213
What is 102051 (base 6) in base 7?
33010
What is -881 (base 15) in base 7?
-5413
What is 96 (base 10) in base 11?
88
What is 5751 (base 11) in base 9?
11327
74e (base 15) to base 9
2232
What is -2554 (base 7) in base 10?
-970
What is -54 (base 8) in base 9?
-48
Convert -4e5 (base 15) to base 10.
-1115
-1176 (base 8) to base 16
-27e
-11718 (base 10) to base 9
-17060
Convert -48615 (base 11) to base 6.
-1255510
Convert 813 (base 11) to base 12.
69a
Convert -262 (base 11) to base 5.
-2220
Convert 4126 (base 9) to base 5.
44041
-140 (base 10) to base 9
-165
-1326 (base 7) to base 16
-1fe
What is -101102 (base 3) in base 12?
-1b5
Convert -1123404 (base 6) to base 14.
-17100
Convert 3557 (base 8) to base 5.
30103
Convert 812 (base 11) to base 12.
699
What is 50531 (base 7) in base 9?
17745
What is -111101 (base 2) in base 13?
-49
33120330 (base 4) to base 3
10012110200
Convert -4299 (base 11) to base 8.
-13052
What is -7289 (base 10) in base 15?
-225e
What is -2320 (base 5) in base 3?
-110102
27b6 (base 16) to base 9
14845
-112020 (base 3) to base 5
-3014
-1278 (base 12) to base 8
-4074
Convert -10040 (base 5) to base 8.
-1205
What is 167d (base 16) in base 9?
7806
Convert 40567 (base 11) to base 9.
100234
What is -1b26 (base 15) in base 12?
-34a6
200121 (base 3) to base 14
27c
What is -324 (base 8) in base 7?
-422
Convert -31 (base 16) to base 10.
-49
What is -11024 (base 7) in base 3?
-10210022
What is 2132 (base 8) in base 4?
101122
Convert 2f (base 16) to base 7.
65
b51 (base 16) to base 7
11306
What is -21021 (base 5) in base 15?
-626
What is -1643 (base 9) in base 12?
-886
Convert -1001122111 (base 3) to base 11.
-14766
What is 5355 (base 8) in base 12?
1751
-1a52 (base 14) to base 13
-2235
Convert -121231 (base 4) to base 10.
-1645
What is -21002223 (base 4) in base 15?
-ae90
-3342003 (base 5) to base 16
-e67b
d3 (base 15) to base 3
21100
Convert 44b7 (base 12) to base 6.
55151
Convert -e0 (base 16) to base 8.
-340
32654 (base 8) to base 7
55026
-10211011 (base 3) to base 6
-20521
-99 (base 11) to base 4
-1230
What is -b907 (base 13) in base 12?
-12a53
What is -1630 (base 7) in base 16?
-292
123031 (base 5) to base 3
20112112
-327 (base 15) to base 11
-598
Convert 2110122112 (base 3) to base 15.
e5e2
Convert 4248 (base 9) to base 15.
dd2
Convert 79c (base 16) to base 15.
89d
What is 184 (base 14) in base 16?
138
What is -2877 (base 9) in base 16?
-880
What is -51052 (base 6) in base 8?
-15110
-2817 (base 12) to base 2
-1001000010011
What is -430 (base 7) in base 13?
-139
-c (base 15) to base 5
-22
What is -7d7 (base 14) in base 2?
-11000011001
Convert 203010 (base 4) to base 13.
1038
What is a6f (base 16) in base 10?
2671
Convert 3a8 (base 14) to base 7.
2101
Convert -112221 (base 3) to base 15.
-1bd
Convert -15 (base 10) to base 8.
-17
Convert 210110 (base 3) to base 16.
243
-11675 (base 10) to base 8
-26633
Convert 8a3 (base 15) to base 9.
2610
Convert -8372 (base 12) to base 3.
-201200012
20260 (base 10) to base 13
92b6
-100001001100 (base 2) to base 13
-c75
What is -184 (base 11) in base 9?
-256
Convert -120 (base 16) to base 8.
-440
7473 (base 8) to base 6
30015
What is -2402203 (base 5) in base 10?
-44053
What is -438 (base 10) in base 5?
-3223
-1481 (base 14) to base 12
-2135
-11011000111001 (base 2) to base 7
-55320
212 (base 6) to base 8
120
-4111 (base 9) to base 6
-21531
453 (base 13) to base 10
744
What is -2142 (base 5) in base 10?
-297
-466 (base 11) to base 2
-1000101100
1701 (base 8) to base 16
3c1
11439 (base 12) to base 13
a67a
Convert 1442 (base 5) to base 8.
367
What is -113223 (base 4) in base 11?
-1158
What is 2bb9 (base 15) in base 9?
13803
5208 (base 12) to base 7
35024
Convert -82 (base 12) to base 8.
-142
What is ba7 (base 15) in base 16?
a48
Convert -390 (base 16) to base 15.
-40c
-12110 (base 5) to base 11
-753
Convert 13404 (base 5) to base 7.
3135
Convert 133304 (base 6) to base 11.
9375
What is -3438 (base 12) in base 11?
-43a7
24a5 (base 11) to base 4
302331
541 (base 8) to base 7
1013
What is 1312003 (base 4) in base 9?
11324
What is 31042 (base 6) in base 4?
1000202
-2077 (base 10) to base 9
-2757
What is 8ba (base 12) in base 14?
686
Convert -111111100010100 (base 2) to base 6.
-410340
What is -12325 (base 10) in base 8?
-30045
Convert 15533 (base 6) to base 8.
5021
Convert 5b7 (base 14) to base 16.
475
-4ab (base 13) to base 9
-1107
Convert -1431 (base 6) to base 9.
-461
What is -20231 (base 4) in base 6?
-2325
Convert -13010 (base 5) to base 15.
-470
What is -100010110101110 (base 2) in base 14?
-6702
23123 (base 5) to base 8
3177
Convert -457 (base 11) to base 16.
-222
What is -6927 (base 11) in base 16?
-2390
Convert -424 (base 7) to base 12.
-15a
What is 6331 (base 7) in base 15?
9d7
Convert 7616 (base 8) to base 12.
237a
Convert 112534 (base 7) to base 5.
1121124
Convert 2552 (base 16) to base 14.
36a6
3303 (base 4) to base 2
11110011
1506 (base 8) to base 5
11323
-10443300 (base 5) to base 16
-16d87
What is 20111002 (base 3) in base 15?
1602
1764 (base 8) to base 12
704
Convert 3311211 (base 4) to base 5.
1000332
What is -1200011222 (base 3) in base 6?
-412255
-d437 (base 14) to base 16
-8e99
What is -415a6 (base 11) in base 15?
-12e61
What is -23412 (base 6) in base 5?
-102032
What is a08e (base 16) in base 5?
2303402
What is -1500 (base 8) in base 3?
-1010211
Convert 1965 (base 10) to base 6.
13033
What is -1101 (base 7) in base 14?
-201
Convert -1231121 (base 4) to base 13.
-3257
389 (base 13) to base 4
21230
Convert -133401 (base 6) to base 3.
-122002101
Convert -50310 (base 6) to base 3.
-100001020
What is 963 (base 14) in base 9?
2476
What is -37660 (base 9) in base 3?
-1021202000
Convert 1145 (base 9) to base 12.
5ab
481 (base 13) to base 3
1001221
-17359 (base 10) to base 8
-41717
Convert 7dd (base 15) to base 2.
11011110111
What is 398a (base 11) in base 6?
35552
What is 9245 (base 14) in base 7?
133215
Convert -153442 (base 6) to base 10.
-15074
Convert 32133 (base 4) to base 8.
1637
-201120020 (base 3) to base 11
-a796
What is 3259 (base 13) in base 5?
211003
What is -200333 (base 4) in base 15?
-95b
What is 24088 (base 9) in base 14?
5c34
Convert 12981 (base 10) to base 14.
4a33
What is 1084 (base 14) in base 3?
10220221
Convert -3140 (base 7) to base 11.
-916
Convert -fa1 (base 16) to base 13.
-1a8a
Convert -b0 (base 13) to base 5.
-1033
What is -a6a (base 16) in base 7?
-10526
Convert -323 (base 9) to base 14.
-14c
Convert 5425 (base 6) to base 4.
103121
What is -2462 (base 9) in base 7?
-5234
Convert 367a (base 12) to base 11.
4684
1150 (base 14) to base 3
11010111
Convert -233 (base 5) to base 7.
-125
What is -311 (base 15) in base 6?
-3111
24579 (base 12) to base 14
13d01
Convert -102222 (base 3) to base 15.
-168
Convert -110001 (base 3) to base 7.
-643
What is 101001010110 (base 2) in base 12?
1646
-1133321 (base 4) to base 15
-1c42
What is -3012220 (base 4) in base 5?
-401322
What is 20 (base 11) in base 14?
18
Convert 303110 (base 6) to base 12.
11a96
Convert -1111111001 (base 2) to base 6.
-4413
-127 (base 14) to base 4
-3213
-ac4 (base 16) to base 2
-101011000100
What is 7500 (base 14) in base 11?
14193
What is 22648 (base 9) in base 3?
202201122
-579 (base 10) to base 2
-1001000011
-32b (base 12) to base 3
-122022
What is -15814 (base 10) in base 4?
-3313012
What is 6092 (base 11) in base 6?
101235
Convert 2202210 (base 3) to base 14.
a43
-2345 (base 9) to base 3
-2101112
Convert -3395 (base 11) to base 10.
-4460
Convert -397b (base 13) to base 10.
-8214
-101100110111 (base 2) to base 9
-3840
13c8 (base 16) to base 9
6846
Convert -4721 (base 14) to base 9.
-17872
Convert 10211 (base 3) to base 5.
403
Convert -2223 (base 5) to base 7.
-625
What is -687 (base 10) in base 15?
-30c
What is 1011010000001110 (base 2) in base 8?
132016
-141 (base 16) to base 8
-501